{"id":320,"date":"2015-02-09T00:17:03","date_gmt":"2015-02-08T23:17:03","guid":{"rendered":"http:\/\/walfroy.fr\/peinture\/?page_id=320"},"modified":"2020-05-17T15:45:34","modified_gmt":"2020-05-17T14:45:34","slug":"oeuvres-originales","status":"publish","type":"page","link":"https:\/\/walfroy.fr\/peinture\/?page_id=320","title":{"rendered":"\u0152uvres originales"},"content":{"rendered":"<div class=\"sldr_wrapper\"><div class=\"owl-carousel owl-theme sldr_carousel_1\"><div class=\"sldr_textoverlay\" ><img decoding=\"async\" src=\"https:\/\/walfroy.fr\/peinture\/wp-content\/uploads\/2015\/02\/Madiba-mai-2020.jpg\" \/><\/div><div class=\"sldr_textoverlay\" ><img decoding=\"async\" src=\"https:\/\/walfroy.fr\/peinture\/wp-content\/uploads\/2015\/02\/Tour\u00e9-Kunda-1918.jpg\" \/><\/div><div class=\"sldr_textoverlay\" ><img decoding=\"async\" src=\"https:\/\/walfroy.fr\/peinture\/wp-content\/uploads\/2016\/12\/le-regard-entier.jpg\" \/><\/div><div class=\"sldr_textoverlay\" ><img decoding=\"async\" src=\"https:\/\/walfroy.fr\/peinture\/wp-content\/uploads\/2017\/01\/Quimono-Pur-sang-lusitanien.jpg\" \/><\/div><div class=\"sldr_textoverlay\" ><img decoding=\"async\" src=\"https:\/\/walfroy.fr\/peinture\/wp-content\/uploads\/2015\/02\/Panthera-leo-krugeri-2016.jpg\" \/><\/div><div class=\"sldr_textoverlay\" ><img decoding=\"async\" src=\"https:\/\/walfroy.fr\/peinture\/wp-content\/uploads\/2016\/05\/Le-vieux-singe-2016.jpg\" \/><\/div><div class=\"sldr_textoverlay\" ><img decoding=\"async\" src=\"https:\/\/walfroy.fr\/peinture\/wp-content\/uploads\/2016\/05\/Grapsus-grapsus-2016.jpg\" \/><\/div><div class=\"sldr_textoverlay\" ><img decoding=\"async\" src=\"https:\/\/walfroy.fr\/peinture\/wp-content\/uploads\/2015\/02\/M\u00e9gachiropt\u00e8re-2015.jpg\" \/><\/div><div class=\"sldr_textoverlay\" ><img decoding=\"async\" src=\"https:\/\/walfroy.fr\/peinture\/wp-content\/uploads\/2015\/02\/sans-nom-s.jpg\" \/><\/div><div class=\"sldr_textoverlay\" ><img decoding=\"async\" src=\"https:\/\/walfroy.fr\/peinture\/wp-content\/uploads\/2015\/02\/Lov\u00e9e-au-lit-2015.jpg\" \/><\/div><div class=\"sldr_textoverlay\" ><img decoding=\"async\" src=\"https:\/\/walfroy.fr\/peinture\/wp-content\/uploads\/2015\/02\/La-fille-de-la-thalasso-2014.jpg\" \/><\/div><div class=\"sldr_textoverlay\" ><img decoding=\"async\" src=\"https:\/\/walfroy.fr\/peinture\/wp-content\/uploads\/2015\/02\/Cheval-arabe-au-box-2014.jpg\" \/><\/div><div class=\"sldr_textoverlay\" ><img decoding=\"async\" src=\"https:\/\/walfroy.fr\/peinture\/wp-content\/uploads\/2015\/05\/pur-sang-arabe.jpg\" \/><\/div><div class=\"sldr_textoverlay\" ><img decoding=\"async\" src=\"https:\/\/walfroy.fr\/peinture\/wp-content\/uploads\/2015\/02\/Dragon-Ball-Z-2008.jpg\" \/><\/div><div class=\"sldr_textoverlay\" ><img decoding=\"async\" src=\"https:\/\/walfroy.fr\/peinture\/wp-content\/uploads\/2015\/02\/Sri-Lanka-2007.jpg\" \/><\/div><div class=\"sldr_textoverlay\" ><img decoding=\"async\" src=\"https:\/\/walfroy.fr\/peinture\/wp-content\/uploads\/2015\/02\/Coloquinte-2006.jpg\" \/><\/div><\/div><\/div>\n\n\n\n<p>Vous d\u00e9couvrirez dans cette galerie quelques \u0153uvres originales qui vous permettront de d\u00e9couvrir ma peinture et de vous faire une id\u00e9e d&rsquo;un tableau qui pourrait vous plaire \u00e0 imaginer ensemble.<br>Bonne visite !<\/p>\n\n\n\t\t\t\t\t\t<div class=\"gallery_box_single\">\n\t\t\t\t\t\t\t\t\t\t\t\t\t\t\t<div class=\"gallery gllr_grid\" data-gllr-columns=\"1000\" data-gllr-border-width=\"10\">\n\t\t\t\t\t\t\t\t\t\t\t\t\t\t\t\t\t\t\t\t<div class=\"gllr_image_row\">\n\t\t\t\t\t\t\t\t\t\t\t\t\t\t\t\t\t\t\t\t\t<div class=\"gllr_image_block\">\n\t\t\t\t\t\t\t\t\t\t\t\t<p style=\"\n\t\t\t\t\t\t\t\t\t\t\t\twidth:180px;height:140px;\t\t\t\t\t\t\t\t\t\t\t\t\">\n\t\t\t\t\t\t\t\t\t\t\t\t\t\t\t\t\t\t\t\t\t\t\t\t\t\t\t\t<a data-fancybox=\"gallery_fancybox_187\" href=\"https:\/\/walfroy.fr\/peinture\/wp-content\/uploads\/2015\/02\/Madiba-mai-2020-1024x654.jpg\" title=\"\" >\n\t\t\t\t\t\t\t\t\t\t\t\t\t\t\t\t<img decoding=\"async\" width=&quot;160&quot; height=&quot;120&quot; style=\"width:160px; height:120px; border-width: 10px; border-color:#ffffff;border: 10px solid #ffffff\" alt=\"\" title=\"\" src=\"https:\/\/walfroy.fr\/peinture\/wp-content\/uploads\/2015\/02\/Madiba-mai-2020-160x120.jpg\" rel=\"https:\/\/walfroy.fr\/peinture\/wp-content\/uploads\/2015\/02\/Madiba-mai-2020.jpg\" \/>\t\t\t\t\t\t\t\t\t\t\t\t\t\t\t<\/a>\n\t\t\t\t\t\t\t\t\t\t\t\t\t\t\t\t\t\t\t\t\t\t\t\t\t\t<\/p>\n\t\t\t\t\t\t\t\t\t\t\t\t\t\t\t\t\t\t\t\t\t\t\t\t\t<div \n\t\t\t\t\t\t\t\t\t\t\t\t\tstyle=\"width:180px;\"\t\t\t\t\t\t\t\t\t\t\t\t\tclass=\"gllr_single_image_text gllr_single_image_text_under\">&nbsp;<\/div>\n\t\t\t\t\t\t\t\t\t\t\t\t\t\t\t\t\t\t\t\t\t\t\t<\/div><!-- .gllr_image_block -->\n\t\t\t\t\t\t\t\t\t\t\t\t\t\t\t\t\t\t\t\t\t<div class=\"gllr_image_block\">\n\t\t\t\t\t\t\t\t\t\t\t\t<p style=\"\n\t\t\t\t\t\t\t\t\t\t\t\twidth:180px;height:140px;\t\t\t\t\t\t\t\t\t\t\t\t\">\n\t\t\t\t\t\t\t\t\t\t\t\t\t\t\t\t\t\t\t\t\t\t\t\t\t\t\t\t<a data-fancybox=\"gallery_fancybox_187\" href=\"https:\/\/walfroy.fr\/peinture\/wp-content\/uploads\/2015\/02\/Tour\u00e9-Kunda-1918-1024x743.jpg\" title=\"\" >\n\t\t\t\t\t\t\t\t\t\t\t\t\t\t\t\t<img decoding=\"async\" width=&quot;160&quot; height=&quot;120&quot; style=\"width:160px; height:120px; border-width: 10px; border-color:#ffffff;border: 10px solid #ffffff\" alt=\"\" title=\"\" src=\"https:\/\/walfroy.fr\/peinture\/wp-content\/uploads\/2015\/02\/Tour\u00e9-Kunda-1918-160x120.jpg\" rel=\"https:\/\/walfroy.fr\/peinture\/wp-content\/uploads\/2015\/02\/Tour\u00e9-Kunda-1918.jpg\" \/>\t\t\t\t\t\t\t\t\t\t\t\t\t\t\t<\/a>\n\t\t\t\t\t\t\t\t\t\t\t\t\t\t\t\t\t\t\t\t\t\t\t\t\t\t<\/p>\n\t\t\t\t\t\t\t\t\t\t\t\t\t\t\t\t\t\t\t\t\t\t\t\t\t<div \n\t\t\t\t\t\t\t\t\t\t\t\t\tstyle=\"width:180px;\"\t\t\t\t\t\t\t\t\t\t\t\t\tclass=\"gllr_single_image_text gllr_single_image_text_under\">&nbsp;<\/div>\n\t\t\t\t\t\t\t\t\t\t\t\t\t\t\t\t\t\t\t\t\t\t\t<\/div><!-- .gllr_image_block -->\n\t\t\t\t\t\t\t\t\t\t\t\t\t\t\t\t\t\t\t\t\t<div class=\"gllr_image_block\">\n\t\t\t\t\t\t\t\t\t\t\t\t<p style=\"\n\t\t\t\t\t\t\t\t\t\t\t\twidth:180px;height:140px;\t\t\t\t\t\t\t\t\t\t\t\t\">\n\t\t\t\t\t\t\t\t\t\t\t\t\t\t\t\t\t\t\t\t\t\t\t\t\t\t\t\t<a data-fancybox=\"gallery_fancybox_187\" href=\"https:\/\/walfroy.fr\/peinture\/wp-content\/uploads\/2016\/12\/le-regard-entier-678x1024.jpg\" title=\"Le regard entier - 2016 - 81x54cm\" >\n\t\t\t\t\t\t\t\t\t\t\t\t\t\t\t\t<img decoding=\"async\" width=&quot;160&quot; height=&quot;120&quot; style=\"width:160px; height:120px; border-width: 10px; border-color:#ffffff;border: 10px solid #ffffff\" alt=\"\" title=\"Le regard entier - 2016 - 81x54cm\" src=\"https:\/\/walfroy.fr\/peinture\/wp-content\/uploads\/2016\/12\/le-regard-entier-160x120.jpg\" rel=\"https:\/\/walfroy.fr\/peinture\/wp-content\/uploads\/2016\/12\/le-regard-entier.jpg\" \/>\t\t\t\t\t\t\t\t\t\t\t\t\t\t\t<\/a>\n\t\t\t\t\t\t\t\t\t\t\t\t\t\t\t\t\t\t\t\t\t\t\t\t\t\t<\/p>\n\t\t\t\t\t\t\t\t\t\t\t\t\t\t\t\t\t\t\t\t\t\t\t\t\t<div \n\t\t\t\t\t\t\t\t\t\t\t\t\tstyle=\"width:180px;\"\t\t\t\t\t\t\t\t\t\t\t\t\tclass=\"gllr_single_image_text gllr_single_image_text_under\">Le regard entier - 2016 - 81x54cm&nbsp;<\/div>\n\t\t\t\t\t\t\t\t\t\t\t\t\t\t\t\t\t\t\t\t\t\t\t<\/div><!-- .gllr_image_block -->\n\t\t\t\t\t\t\t\t\t\t\t\t\t\t\t\t\t\t\t\t\t<div class=\"gllr_image_block\">\n\t\t\t\t\t\t\t\t\t\t\t\t<p style=\"\n\t\t\t\t\t\t\t\t\t\t\t\twidth:180px;height:140px;\t\t\t\t\t\t\t\t\t\t\t\t\">\n\t\t\t\t\t\t\t\t\t\t\t\t\t\t\t\t\t\t\t\t\t\t\t\t\t\t\t\t<a data-fancybox=\"gallery_fancybox_187\" href=\"https:\/\/walfroy.fr\/peinture\/wp-content\/uploads\/2017\/01\/Quimono-Pur-sang-lusitanien-748x1024.jpg\" title=\"Quimono, Pur-sang lusitanien - 2016 - 81x60cm\" >\n\t\t\t\t\t\t\t\t\t\t\t\t\t\t\t\t<img decoding=\"async\" width=&quot;160&quot; height=&quot;120&quot; style=\"width:160px; height:120px; border-width: 10px; border-color:#ffffff;border: 10px solid #ffffff\" alt=\"\" title=\"Quimono, Pur-sang lusitanien - 2016 - 81x60cm\" src=\"https:\/\/walfroy.fr\/peinture\/wp-content\/uploads\/2017\/01\/Quimono-Pur-sang-lusitanien-160x120.jpg\" rel=\"https:\/\/walfroy.fr\/peinture\/wp-content\/uploads\/2017\/01\/Quimono-Pur-sang-lusitanien.jpg\" \/>\t\t\t\t\t\t\t\t\t\t\t\t\t\t\t<\/a>\n\t\t\t\t\t\t\t\t\t\t\t\t\t\t\t\t\t\t\t\t\t\t\t\t\t\t<\/p>\n\t\t\t\t\t\t\t\t\t\t\t\t\t\t\t\t\t\t\t\t\t\t\t\t\t<div \n\t\t\t\t\t\t\t\t\t\t\t\t\tstyle=\"width:180px;\"\t\t\t\t\t\t\t\t\t\t\t\t\tclass=\"gllr_single_image_text gllr_single_image_text_under\">Quimono, Pur-sang lusitanien - 2016 - 81x60cm&nbsp;<\/div>\n\t\t\t\t\t\t\t\t\t\t\t\t\t\t\t\t\t\t\t\t\t\t\t<\/div><!-- .gllr_image_block -->\n\t\t\t\t\t\t\t\t\t\t\t\t\t\t\t\t\t\t\t\t\t<div class=\"gllr_image_block\">\n\t\t\t\t\t\t\t\t\t\t\t\t<p style=\"\n\t\t\t\t\t\t\t\t\t\t\t\twidth:180px;height:140px;\t\t\t\t\t\t\t\t\t\t\t\t\">\n\t\t\t\t\t\t\t\t\t\t\t\t\t\t\t\t\t\t\t\t\t\t\t\t\t\t\t\t<a data-fancybox=\"gallery_fancybox_187\" href=\"https:\/\/walfroy.fr\/peinture\/wp-content\/uploads\/2015\/02\/Panthera-leo-krugeri-2016-1024x1024.jpg\" title=\"Panthera leo krugeri - 2016 - 100x100cm\" >\n\t\t\t\t\t\t\t\t\t\t\t\t\t\t\t\t<img decoding=\"async\" width=&quot;160&quot; height=&quot;120&quot; style=\"width:160px; height:120px; border-width: 10px; border-color:#ffffff;border: 10px solid #ffffff\" alt=\"\" title=\"Panthera leo krugeri - 2016 - 100x100cm\" src=\"https:\/\/walfroy.fr\/peinture\/wp-content\/uploads\/2015\/02\/Panthera-leo-krugeri-2016-160x120.jpg\" rel=\"https:\/\/walfroy.fr\/peinture\/wp-content\/uploads\/2015\/02\/Panthera-leo-krugeri-2016.jpg\" \/>\t\t\t\t\t\t\t\t\t\t\t\t\t\t\t<\/a>\n\t\t\t\t\t\t\t\t\t\t\t\t\t\t\t\t\t\t\t\t\t\t\t\t\t\t<\/p>\n\t\t\t\t\t\t\t\t\t\t\t\t\t\t\t\t\t\t\t\t\t\t\t\t\t<div \n\t\t\t\t\t\t\t\t\t\t\t\t\tstyle=\"width:180px;\"\t\t\t\t\t\t\t\t\t\t\t\t\tclass=\"gllr_single_image_text gllr_single_image_text_under\">Panthera leo krugeri - 2016 - 100x100cm&nbsp;<\/div>\n\t\t\t\t\t\t\t\t\t\t\t\t\t\t\t\t\t\t\t\t\t\t\t<\/div><!-- .gllr_image_block -->\n\t\t\t\t\t\t\t\t\t\t\t\t\t\t\t\t\t\t\t\t\t<div class=\"gllr_image_block\">\n\t\t\t\t\t\t\t\t\t\t\t\t<p style=\"\n\t\t\t\t\t\t\t\t\t\t\t\twidth:180px;height:140px;\t\t\t\t\t\t\t\t\t\t\t\t\">\n\t\t\t\t\t\t\t\t\t\t\t\t\t\t\t\t\t\t\t\t\t\t\t\t\t\t\t\t<a data-fancybox=\"gallery_fancybox_187\" href=\"https:\/\/walfroy.fr\/peinture\/wp-content\/uploads\/2016\/05\/Le-vieux-singe-2016-661x1024.jpg\" title=\"Le vieux singe - 2016 - 100x65cm\" >\n\t\t\t\t\t\t\t\t\t\t\t\t\t\t\t\t<img decoding=\"async\" width=&quot;160&quot; height=&quot;120&quot; style=\"width:160px; height:120px; border-width: 10px; border-color:#ffffff;border: 10px solid #ffffff\" alt=\"\" title=\"Le vieux singe - 2016 - 100x65cm\" src=\"https:\/\/walfroy.fr\/peinture\/wp-content\/uploads\/2016\/05\/Le-vieux-singe-2016-160x120.jpg\" rel=\"https:\/\/walfroy.fr\/peinture\/wp-content\/uploads\/2016\/05\/Le-vieux-singe-2016.jpg\" \/>\t\t\t\t\t\t\t\t\t\t\t\t\t\t\t<\/a>\n\t\t\t\t\t\t\t\t\t\t\t\t\t\t\t\t\t\t\t\t\t\t\t\t\t\t<\/p>\n\t\t\t\t\t\t\t\t\t\t\t\t\t\t\t\t\t\t\t\t\t\t\t\t\t<div \n\t\t\t\t\t\t\t\t\t\t\t\t\tstyle=\"width:180px;\"\t\t\t\t\t\t\t\t\t\t\t\t\tclass=\"gllr_single_image_text gllr_single_image_text_under\">Le vieux singe - 2016 - 100x65cm&nbsp;<\/div>\n\t\t\t\t\t\t\t\t\t\t\t\t\t\t\t\t\t\t\t\t\t\t\t<\/div><!-- .gllr_image_block -->\n\t\t\t\t\t\t\t\t\t\t\t\t\t\t\t\t\t\t\t\t\t<div class=\"gllr_image_block\">\n\t\t\t\t\t\t\t\t\t\t\t\t<p style=\"\n\t\t\t\t\t\t\t\t\t\t\t\twidth:180px;height:140px;\t\t\t\t\t\t\t\t\t\t\t\t\">\n\t\t\t\t\t\t\t\t\t\t\t\t\t\t\t\t\t\t\t\t\t\t\t\t\t\t\t\t<a data-fancybox=\"gallery_fancybox_187\" href=\"https:\/\/walfroy.fr\/peinture\/wp-content\/uploads\/2016\/05\/Grapsus-grapsus-2016-1024x637.jpg\" title=\"Grapsus-grapsus \u2013 2016 \u2013 73x116cm\" >\n\t\t\t\t\t\t\t\t\t\t\t\t\t\t\t\t<img decoding=\"async\" width=&quot;160&quot; height=&quot;120&quot; style=\"width:160px; height:120px; border-width: 10px; border-color:#ffffff;border: 10px solid #ffffff\" alt=\"\" title=\"Grapsus-grapsus \u2013 2016 \u2013 73x116cm\" src=\"https:\/\/walfroy.fr\/peinture\/wp-content\/uploads\/2016\/05\/Grapsus-grapsus-2016-160x120.jpg\" rel=\"https:\/\/walfroy.fr\/peinture\/wp-content\/uploads\/2016\/05\/Grapsus-grapsus-2016.jpg\" \/>\t\t\t\t\t\t\t\t\t\t\t\t\t\t\t<\/a>\n\t\t\t\t\t\t\t\t\t\t\t\t\t\t\t\t\t\t\t\t\t\t\t\t\t\t<\/p>\n\t\t\t\t\t\t\t\t\t\t\t\t\t\t\t\t\t\t\t\t\t\t\t\t\t<div \n\t\t\t\t\t\t\t\t\t\t\t\t\tstyle=\"width:180px;\"\t\t\t\t\t\t\t\t\t\t\t\t\tclass=\"gllr_single_image_text gllr_single_image_text_under\">Grapsus-grapsus \u2013 2016 \u2013 73x116cm&nbsp;<\/div>\n\t\t\t\t\t\t\t\t\t\t\t\t\t\t\t\t\t\t\t\t\t\t\t<\/div><!-- .gllr_image_block -->\n\t\t\t\t\t\t\t\t\t\t\t\t\t\t\t\t\t\t\t\t\t<div class=\"gllr_image_block\">\n\t\t\t\t\t\t\t\t\t\t\t\t<p style=\"\n\t\t\t\t\t\t\t\t\t\t\t\twidth:180px;height:140px;\t\t\t\t\t\t\t\t\t\t\t\t\">\n\t\t\t\t\t\t\t\t\t\t\t\t\t\t\t\t\t\t\t\t\t\t\t\t\t\t\t\t<a data-fancybox=\"gallery_fancybox_187\" href=\"https:\/\/walfroy.fr\/peinture\/wp-content\/uploads\/2015\/02\/M\u00e9gachiropt\u00e8re-2015-1024x858.jpg\" title=\"M\u00e9gachiropt\u00e8re - 2015 - 50x60cm\" >\n\t\t\t\t\t\t\t\t\t\t\t\t\t\t\t\t<img decoding=\"async\" width=&quot;160&quot; height=&quot;120&quot; style=\"width:160px; height:120px; border-width: 10px; border-color:#ffffff;border: 10px solid #ffffff\" alt=\"\" title=\"M\u00e9gachiropt\u00e8re - 2015 - 50x60cm\" src=\"https:\/\/walfroy.fr\/peinture\/wp-content\/uploads\/2015\/02\/M\u00e9gachiropt\u00e8re-2015-160x120.jpg\" rel=\"https:\/\/walfroy.fr\/peinture\/wp-content\/uploads\/2015\/02\/M\u00e9gachiropt\u00e8re-2015.jpg\" \/>\t\t\t\t\t\t\t\t\t\t\t\t\t\t\t<\/a>\n\t\t\t\t\t\t\t\t\t\t\t\t\t\t\t\t\t\t\t\t\t\t\t\t\t\t<\/p>\n\t\t\t\t\t\t\t\t\t\t\t\t\t\t\t\t\t\t\t\t\t\t\t\t\t<div \n\t\t\t\t\t\t\t\t\t\t\t\t\tstyle=\"width:180px;\"\t\t\t\t\t\t\t\t\t\t\t\t\tclass=\"gllr_single_image_text gllr_single_image_text_under\">M\u00e9gachiropt\u00e8re - 2015 - 50x60cm&nbsp;<\/div>\n\t\t\t\t\t\t\t\t\t\t\t\t\t\t\t\t\t\t\t\t\t\t\t<\/div><!-- .gllr_image_block -->\n\t\t\t\t\t\t\t\t\t\t\t\t\t\t\t\t\t\t\t\t\t<div class=\"gllr_image_block\">\n\t\t\t\t\t\t\t\t\t\t\t\t<p style=\"\n\t\t\t\t\t\t\t\t\t\t\t\twidth:180px;height:140px;\t\t\t\t\t\t\t\t\t\t\t\t\">\n\t\t\t\t\t\t\t\t\t\t\t\t\t\t\t\t\t\t\t\t\t\t\t\t\t\t\t\t<a data-fancybox=\"gallery_fancybox_187\" href=\"https:\/\/walfroy.fr\/peinture\/wp-content\/uploads\/2015\/02\/sans-nom-s.jpg\" title=\"Niagara - 2015 - 60x50cm\" >\n\t\t\t\t\t\t\t\t\t\t\t\t\t\t\t\t<img decoding=\"async\" width=&quot;160&quot; height=&quot;120&quot; style=\"width:160px; height:120px; border-width: 10px; border-color:#ffffff;border: 10px solid #ffffff\" alt=\"\" title=\"Niagara - 2015 - 60x50cm\" src=\"https:\/\/walfroy.fr\/peinture\/wp-content\/uploads\/2015\/02\/sans-nom-s-160x120.jpg\" rel=\"https:\/\/walfroy.fr\/peinture\/wp-content\/uploads\/2015\/02\/sans-nom-s.jpg\" \/>\t\t\t\t\t\t\t\t\t\t\t\t\t\t\t<\/a>\n\t\t\t\t\t\t\t\t\t\t\t\t\t\t\t\t\t\t\t\t\t\t\t\t\t\t<\/p>\n\t\t\t\t\t\t\t\t\t\t\t\t\t\t\t\t\t\t\t\t\t\t\t\t\t<div \n\t\t\t\t\t\t\t\t\t\t\t\t\tstyle=\"width:180px;\"\t\t\t\t\t\t\t\t\t\t\t\t\tclass=\"gllr_single_image_text gllr_single_image_text_under\">Niagara - 2015 - 60x50cm&nbsp;<\/div>\n\t\t\t\t\t\t\t\t\t\t\t\t\t\t\t\t\t\t\t\t\t\t\t<\/div><!-- .gllr_image_block -->\n\t\t\t\t\t\t\t\t\t\t\t\t\t\t\t\t\t\t\t\t\t<div class=\"gllr_image_block\">\n\t\t\t\t\t\t\t\t\t\t\t\t<p style=\"\n\t\t\t\t\t\t\t\t\t\t\t\twidth:180px;height:140px;\t\t\t\t\t\t\t\t\t\t\t\t\">\n\t\t\t\t\t\t\t\t\t\t\t\t\t\t\t\t\t\t\t\t\t\t\t\t\t\t\t\t<a data-fancybox=\"gallery_fancybox_187\" href=\"https:\/\/walfroy.fr\/peinture\/wp-content\/uploads\/2015\/02\/Lov\u00e9e-au-lit-2015.jpg\" title=\"Lov\u00e9e au lit - 2015 - 81x100cm\" >\n\t\t\t\t\t\t\t\t\t\t\t\t\t\t\t\t<img decoding=\"async\" width=&quot;160&quot; height=&quot;120&quot; style=\"width:160px; height:120px; border-width: 10px; border-color:#ffffff;border: 10px solid #ffffff\" alt=\"\" title=\"Lov\u00e9e au lit - 2015 - 81x100cm\" src=\"https:\/\/walfroy.fr\/peinture\/wp-content\/uploads\/2015\/02\/Lov\u00e9e-au-lit-2015-160x120.jpg\" rel=\"https:\/\/walfroy.fr\/peinture\/wp-content\/uploads\/2015\/02\/Lov\u00e9e-au-lit-2015.jpg\" \/>\t\t\t\t\t\t\t\t\t\t\t\t\t\t\t<\/a>\n\t\t\t\t\t\t\t\t\t\t\t\t\t\t\t\t\t\t\t\t\t\t\t\t\t\t<\/p>\n\t\t\t\t\t\t\t\t\t\t\t\t\t\t\t\t\t\t\t\t\t\t\t\t\t<div \n\t\t\t\t\t\t\t\t\t\t\t\t\tstyle=\"width:180px;\"\t\t\t\t\t\t\t\t\t\t\t\t\tclass=\"gllr_single_image_text gllr_single_image_text_under\">Lov\u00e9e au lit - 2015 - 81x100cm&nbsp;<\/div>\n\t\t\t\t\t\t\t\t\t\t\t\t\t\t\t\t\t\t\t\t\t\t\t<\/div><!-- .gllr_image_block -->\n\t\t\t\t\t\t\t\t\t\t\t\t\t\t\t\t\t\t\t\t\t<div class=\"gllr_image_block\">\n\t\t\t\t\t\t\t\t\t\t\t\t<p style=\"\n\t\t\t\t\t\t\t\t\t\t\t\twidth:180px;height:140px;\t\t\t\t\t\t\t\t\t\t\t\t\">\n\t\t\t\t\t\t\t\t\t\t\t\t\t\t\t\t\t\t\t\t\t\t\t\t\t\t\t\t<a data-fancybox=\"gallery_fancybox_187\" href=\"https:\/\/walfroy.fr\/peinture\/wp-content\/uploads\/2015\/02\/La-fille-de-la-thalasso-2014.jpg\" title=\"La fille de la thalasso - 2014 - 40x30cm\" >\n\t\t\t\t\t\t\t\t\t\t\t\t\t\t\t\t<img decoding=\"async\" width=&quot;160&quot; height=&quot;120&quot; style=\"width:160px; height:120px; border-width: 10px; border-color:#ffffff;border: 10px solid #ffffff\" alt=\"\" title=\"La fille de la thalasso - 2014 - 40x30cm\" src=\"https:\/\/walfroy.fr\/peinture\/wp-content\/uploads\/2015\/02\/La-fille-de-la-thalasso-2014-160x120.jpg\" rel=\"https:\/\/walfroy.fr\/peinture\/wp-content\/uploads\/2015\/02\/La-fille-de-la-thalasso-2014.jpg\" \/>\t\t\t\t\t\t\t\t\t\t\t\t\t\t\t<\/a>\n\t\t\t\t\t\t\t\t\t\t\t\t\t\t\t\t\t\t\t\t\t\t\t\t\t\t<\/p>\n\t\t\t\t\t\t\t\t\t\t\t\t\t\t\t\t\t\t\t\t\t\t\t\t\t<div \n\t\t\t\t\t\t\t\t\t\t\t\t\tstyle=\"width:180px;\"\t\t\t\t\t\t\t\t\t\t\t\t\tclass=\"gllr_single_image_text gllr_single_image_text_under\">La fille de la thalasso - 2014 - 40x30cm&nbsp;<\/div>\n\t\t\t\t\t\t\t\t\t\t\t\t\t\t\t\t\t\t\t\t\t\t\t<\/div><!-- .gllr_image_block -->\n\t\t\t\t\t\t\t\t\t\t\t\t\t\t\t\t\t\t\t\t\t<div class=\"gllr_image_block\">\n\t\t\t\t\t\t\t\t\t\t\t\t<p style=\"\n\t\t\t\t\t\t\t\t\t\t\t\twidth:180px;height:140px;\t\t\t\t\t\t\t\t\t\t\t\t\">\n\t\t\t\t\t\t\t\t\t\t\t\t\t\t\t\t\t\t\t\t\t\t\t\t\t\t\t\t<a data-fancybox=\"gallery_fancybox_187\" href=\"https:\/\/walfroy.fr\/peinture\/wp-content\/uploads\/2015\/02\/Cheval-arabe-au-box-2014.jpg\" title=\"Cheval arabe au box - 2014 - 60x50cm\" >\n\t\t\t\t\t\t\t\t\t\t\t\t\t\t\t\t<img decoding=\"async\" width=&quot;160&quot; height=&quot;120&quot; style=\"width:160px; height:120px; border-width: 10px; border-color:#ffffff;border: 10px solid #ffffff\" alt=\"\" title=\"Cheval arabe au box - 2014 - 60x50cm\" src=\"https:\/\/walfroy.fr\/peinture\/wp-content\/uploads\/2015\/02\/Cheval-arabe-au-box-2014-160x120.jpg\" rel=\"https:\/\/walfroy.fr\/peinture\/wp-content\/uploads\/2015\/02\/Cheval-arabe-au-box-2014.jpg\" \/>\t\t\t\t\t\t\t\t\t\t\t\t\t\t\t<\/a>\n\t\t\t\t\t\t\t\t\t\t\t\t\t\t\t\t\t\t\t\t\t\t\t\t\t\t<\/p>\n\t\t\t\t\t\t\t\t\t\t\t\t\t\t\t\t\t\t\t\t\t\t\t\t\t<div \n\t\t\t\t\t\t\t\t\t\t\t\t\tstyle=\"width:180px;\"\t\t\t\t\t\t\t\t\t\t\t\t\tclass=\"gllr_single_image_text gllr_single_image_text_under\">Cheval arabe au box - 2014 - 60x50cm&nbsp;<\/div>\n\t\t\t\t\t\t\t\t\t\t\t\t\t\t\t\t\t\t\t\t\t\t\t<\/div><!-- .gllr_image_block -->\n\t\t\t\t\t\t\t\t\t\t\t\t\t\t\t\t\t\t\t\t\t<div class=\"gllr_image_block\">\n\t\t\t\t\t\t\t\t\t\t\t\t<p style=\"\n\t\t\t\t\t\t\t\t\t\t\t\twidth:180px;height:140px;\t\t\t\t\t\t\t\t\t\t\t\t\">\n\t\t\t\t\t\t\t\t\t\t\t\t\t\t\t\t\t\t\t\t\t\t\t\t\t\t\t\t<a data-fancybox=\"gallery_fancybox_187\" href=\"https:\/\/walfroy.fr\/peinture\/wp-content\/uploads\/2015\/05\/pur-sang-arabe-845x1024.jpg\" title=\"Pur-sang arabe - 2014 - 60x50cm\" >\n\t\t\t\t\t\t\t\t\t\t\t\t\t\t\t\t<img decoding=\"async\" width=&quot;160&quot; height=&quot;120&quot; style=\"width:160px; height:120px; border-width: 10px; border-color:#ffffff;border: 10px solid #ffffff\" alt=\"\" title=\"Pur-sang arabe - 2014 - 60x50cm\" src=\"https:\/\/walfroy.fr\/peinture\/wp-content\/uploads\/2015\/05\/pur-sang-arabe-160x120.jpg\" rel=\"https:\/\/walfroy.fr\/peinture\/wp-content\/uploads\/2015\/05\/pur-sang-arabe.jpg\" \/>\t\t\t\t\t\t\t\t\t\t\t\t\t\t\t<\/a>\n\t\t\t\t\t\t\t\t\t\t\t\t\t\t\t\t\t\t\t\t\t\t\t\t\t\t<\/p>\n\t\t\t\t\t\t\t\t\t\t\t\t\t\t\t\t\t\t\t\t\t\t\t\t\t<div \n\t\t\t\t\t\t\t\t\t\t\t\t\tstyle=\"width:180px;\"\t\t\t\t\t\t\t\t\t\t\t\t\tclass=\"gllr_single_image_text gllr_single_image_text_under\">Pur-sang arabe - 2014 - 60x50cm&nbsp;<\/div>\n\t\t\t\t\t\t\t\t\t\t\t\t\t\t\t\t\t\t\t\t\t\t\t<\/div><!-- .gllr_image_block -->\n\t\t\t\t\t\t\t\t\t\t\t\t\t\t\t\t\t\t\t\t\t<div class=\"gllr_image_block\">\n\t\t\t\t\t\t\t\t\t\t\t\t<p style=\"\n\t\t\t\t\t\t\t\t\t\t\t\twidth:180px;height:140px;\t\t\t\t\t\t\t\t\t\t\t\t\">\n\t\t\t\t\t\t\t\t\t\t\t\t\t\t\t\t\t\t\t\t\t\t\t\t\t\t\t\t<a data-fancybox=\"gallery_fancybox_187\" href=\"https:\/\/walfroy.fr\/peinture\/wp-content\/uploads\/2015\/02\/Dragon-Ball-Z-2008-768x1024.jpg\" title=\"Dragon Ball Z - 2008\" >\n\t\t\t\t\t\t\t\t\t\t\t\t\t\t\t\t<img decoding=\"async\" width=&quot;160&quot; height=&quot;120&quot; style=\"width:160px; height:120px; border-width: 10px; border-color:#ffffff;border: 10px solid #ffffff\" alt=\"\" title=\"Dragon Ball Z - 2008\" src=\"https:\/\/walfroy.fr\/peinture\/wp-content\/uploads\/2015\/02\/Dragon-Ball-Z-2008-160x120.jpg\" rel=\"https:\/\/walfroy.fr\/peinture\/wp-content\/uploads\/2015\/02\/Dragon-Ball-Z-2008.jpg\" \/>\t\t\t\t\t\t\t\t\t\t\t\t\t\t\t<\/a>\n\t\t\t\t\t\t\t\t\t\t\t\t\t\t\t\t\t\t\t\t\t\t\t\t\t\t<\/p>\n\t\t\t\t\t\t\t\t\t\t\t\t\t\t\t\t\t\t\t\t\t\t\t\t\t<div \n\t\t\t\t\t\t\t\t\t\t\t\t\tstyle=\"width:180px;\"\t\t\t\t\t\t\t\t\t\t\t\t\tclass=\"gllr_single_image_text gllr_single_image_text_under\">Dragon Ball Z - 2008&nbsp;<\/div>\n\t\t\t\t\t\t\t\t\t\t\t\t\t\t\t\t\t\t\t\t\t\t\t<\/div><!-- .gllr_image_block -->\n\t\t\t\t\t\t\t\t\t\t\t\t\t\t\t\t\t\t\t\t\t<div class=\"gllr_image_block\">\n\t\t\t\t\t\t\t\t\t\t\t\t<p style=\"\n\t\t\t\t\t\t\t\t\t\t\t\twidth:180px;height:140px;\t\t\t\t\t\t\t\t\t\t\t\t\">\n\t\t\t\t\t\t\t\t\t\t\t\t\t\t\t\t\t\t\t\t\t\t\t\t\t\t\t\t<a data-fancybox=\"gallery_fancybox_187\" href=\"https:\/\/walfroy.fr\/peinture\/wp-content\/uploads\/2015\/02\/Sri-Lanka-2007.jpg\" title=\"Sri Lanka - 2007\" >\n\t\t\t\t\t\t\t\t\t\t\t\t\t\t\t\t<img decoding=\"async\" width=&quot;160&quot; height=&quot;120&quot; style=\"width:160px; height:120px; border-width: 10px; border-color:#ffffff;border: 10px solid #ffffff\" alt=\"\" title=\"Sri Lanka - 2007\" src=\"https:\/\/walfroy.fr\/peinture\/wp-content\/uploads\/2015\/02\/Sri-Lanka-2007-160x120.jpg\" rel=\"https:\/\/walfroy.fr\/peinture\/wp-content\/uploads\/2015\/02\/Sri-Lanka-2007.jpg\" \/>\t\t\t\t\t\t\t\t\t\t\t\t\t\t\t<\/a>\n\t\t\t\t\t\t\t\t\t\t\t\t\t\t\t\t\t\t\t\t\t\t\t\t\t\t<\/p>\n\t\t\t\t\t\t\t\t\t\t\t\t\t\t\t\t\t\t\t\t\t\t\t\t\t<div \n\t\t\t\t\t\t\t\t\t\t\t\t\tstyle=\"width:180px;\"\t\t\t\t\t\t\t\t\t\t\t\t\tclass=\"gllr_single_image_text gllr_single_image_text_under\">Sri Lanka - 2007&nbsp;<\/div>\n\t\t\t\t\t\t\t\t\t\t\t\t\t\t\t\t\t\t\t\t\t\t\t<\/div><!-- .gllr_image_block -->\n\t\t\t\t\t\t\t\t\t\t\t\t\t\t\t\t\t\t\t\t\t<div class=\"gllr_image_block\">\n\t\t\t\t\t\t\t\t\t\t\t\t<p style=\"\n\t\t\t\t\t\t\t\t\t\t\t\twidth:180px;height:140px;\t\t\t\t\t\t\t\t\t\t\t\t\">\n\t\t\t\t\t\t\t\t\t\t\t\t\t\t\t\t\t\t\t\t\t\t\t\t\t\t\t\t<a data-fancybox=\"gallery_fancybox_187\" href=\"https:\/\/walfroy.fr\/peinture\/wp-content\/uploads\/2015\/02\/Coloquinte-2006.jpg\" title=\"Coloquinte - 2006\" >\n\t\t\t\t\t\t\t\t\t\t\t\t\t\t\t\t<img decoding=\"async\" width=&quot;160&quot; height=&quot;120&quot; style=\"width:160px; height:120px; border-width: 10px; border-color:#ffffff;border: 10px solid #ffffff\" alt=\"\" title=\"Coloquinte - 2006\" src=\"https:\/\/walfroy.fr\/peinture\/wp-content\/uploads\/2015\/02\/Coloquinte-2006-160x120.jpg\" rel=\"https:\/\/walfroy.fr\/peinture\/wp-content\/uploads\/2015\/02\/Coloquinte-2006.jpg\" \/>\t\t\t\t\t\t\t\t\t\t\t\t\t\t\t<\/a>\n\t\t\t\t\t\t\t\t\t\t\t\t\t\t\t\t\t\t\t\t\t\t\t\t\t\t<\/p>\n\t\t\t\t\t\t\t\t\t\t\t\t\t\t\t\t\t\t\t\t\t\t\t\t\t<div \n\t\t\t\t\t\t\t\t\t\t\t\t\tstyle=\"width:180px;\"\t\t\t\t\t\t\t\t\t\t\t\t\tclass=\"gllr_single_image_text gllr_single_image_text_under\">Coloquinte - 2006&nbsp;<\/div>\n\t\t\t\t\t\t\t\t\t\t\t\t\t\t\t\t\t\t\t\t\t\t\t<\/div><!-- .gllr_image_block -->\n\t\t\t\t\t\t\t\t\t\t\t\t\t\t\t\t\t\t\t\t\t<div class=\"clear\"><\/div>\n\t\t\t\t\t\t\t\t\t\t<\/div><!-- .gllr_image_row -->\n\t\t\t\t\t\t\t\t\t\t\t\t\t\t\t\t\t<\/div><!-- .gallery.clearfix -->\n\t\t\t\t\t\t\t\t\t\t\t\t\t\t<\/div><!-- .gallery_box_single -->\n\t\t\t\t\t\t<div class=\"gllr_clear\"><\/div>\n\t\t\t\t\t\t\n\n\n<div class=\"fcbkbttn_buttons_block\" id=\"fcbkbttn_left\"><div class=\"fcbkbttn_like \"><fb:like href=\"https:\/\/walfroy.fr\/peinture\/?gallery=oeuvres-originales\" action=\"like\" colorscheme=\"light\" layout=\"button_count\"  size=\"small\"><\/fb:like><\/div><div class=\"fb-share-button  \" data-href=\"https:\/\/walfroy.fr\/peinture\/?gallery=oeuvres-originales\" data-type=\"button_count\" data-size=\"small\"><\/div><\/div>\n","protected":false},"excerpt":{"rendered":"<p>Vous d\u00e9couvrirez dans cette galerie quelques \u0153uvres originales qui vous permettront de d\u00e9couvrir ma peinture et de vous faire une id\u00e9e d&rsquo;un tableau qui pourrait vous plaire \u00e0 imaginer ensemble.Bonne visite !<\/p>\n","protected":false},"author":1,"featured_media":0,"parent":237,"menu_order":0,"comment_status":"open","ping_status":"closed","template":"template-content-sidebar.php","meta":{"footnotes":""},"class_list":["post-320","page","type-page","status-publish","hentry","column","onecol","has-thumbnail"],"_links":{"self":[{"href":"https:\/\/walfroy.fr\/peinture\/index.php?rest_route=\/wp\/v2\/pages\/320","targetHints":{"allow":["GET"]}}],"collection":[{"href":"https:\/\/walfroy.fr\/peinture\/index.php?rest_route=\/wp\/v2\/pages"}],"about":[{"href":"https:\/\/walfroy.fr\/peinture\/index.php?rest_route=\/wp\/v2\/types\/page"}],"author":[{"embeddable":true,"href":"https:\/\/walfroy.fr\/peinture\/index.php?rest_route=\/wp\/v2\/users\/1"}],"replies":[{"embeddable":true,"href":"https:\/\/walfroy.fr\/peinture\/index.php?rest_route=%2Fwp%2Fv2%2Fcomments&post=320"}],"version-history":[{"count":7,"href":"https:\/\/walfroy.fr\/peinture\/index.php?rest_route=\/wp\/v2\/pages\/320\/revisions"}],"predecessor-version":[{"id":619,"href":"https:\/\/walfroy.fr\/peinture\/index.php?rest_route=\/wp\/v2\/pages\/320\/revisions\/619"}],"up":[{"embeddable":true,"href":"https:\/\/walfroy.fr\/peinture\/index.php?rest_route=\/wp\/v2\/pages\/237"}],"wp:attachment":[{"href":"https:\/\/walfroy.fr\/peinture\/index.php?rest_route=%2Fwp%2Fv2%2Fmedia&parent=320"}],"curies":[{"name":"wp","href":"https:\/\/api.w.org\/{rel}","templated":true}]}}